61 - f. What is the greatest common factor of q and y?
11
Let w(v) = -v**3 + 5*v**2 - 9*v + 12. Let a be w(4). Let q(i) = -16*i - 59. Let z be q(a). Let k = z + -65. Calculate the greatest common factor of 28 and k.
4
Let l be 3/30*8*15. Let q be (360/(-50))/(l/(-80)). Calculate the greatest common divisor of q and 30.
6
Suppose -6*b + 10*b = -4*u - 84, -5*u = -b + 87. Let k be (62/(-4) + -1)*48/u. Calculate the highest common factor of k and 55.
11
Let d = 135 - 125. Let v(r) = -r**3 + 6*r**2 + 5*r - 4. Let q be v(6). Suppose -29*j + 30 = -q*j. What is the highest common divisor of j and d?
10
Suppose -w + 5*r = 10 + 12, 0 = -r + 5. Suppose 0 = -w*t - 5*x - 94, -2*t - 6*x - 66 = -x. Let h = -17 - t. What is the highest common divisor of h and 44?
11
Suppose -p + 12 = -3*v, 5 - 14 = -p + 2*v. Calculate the greatest common divisor of p and 492.
3
Let u be (-2)/1*(-93)/6. Let i be 2 + (66/24 - (-9)/(-12)). Suppose -k + 2*h + 69 = -78, i*k - 5*h = 600. Calculate the highest common divisor of k and u.
31
Let z(d) be the third derivative of 13*d**4/24 - d**3/6 - 16*d**2. Let l be z(1). Let x be (l/14)/(21/98). What is the highest common factor of 20 and x?
4
Suppose u + 0 = 7. Let r(n) = 2*n**3 - 9*n**2 - 12*n + 29. Let d be r(7). Let l = d + -176. Calculate the highest common factor of u and l.
7
Let s = -2176 - -2188. Calculate the highest common factor of 4236 and s.
12
Suppose -24 = -4*w + 16. Suppose 23*l = 18*l. Suppose -6*i + 33 - 3 = l. Calculate the highest common divisor of w and i.
5
Let w = 2171 + -1898. What is the greatest common factor of w and 168?
21
Suppose f - 366 = 2*k, f + 3*k - 2 = 369. Suppose 4*h + 2*v - 29 = 3*h, 2*v - 167 = -7*h. Calculate the highest common factor of f and h.
23
Suppose -4*z + 85 = -23*u + 18*u, 4*u = 2*z - 38. Let p be 192/15 - (-6 + 145/z). Calculate the greatest common factor of 221 and p.
13
Suppose 39216 = -o + 30*o + 100*o. What is the greatest common factor of o and 2052?
76
Let i = 274 - 189. Let y = 6679 - 6700. Let q = y + i. What is the greatest common factor of q and 8?
8
Let p be (-2930)/(-61) + (-454)/13847. Let t be (-355 + 3)*(-3)/4. Calculate the highest common divisor of t and p.
24
Let u(m) = 959*m - 1686. Let o be u(2). What is the highest common divisor of 30392 and o?
232
Let p = 25 + -29. Let x be -2 + (p + -86)/(-5) - -3. Calculate the greatest common factor of 380 and x.
19
Let z = -10887 + 14387. What is the highest common factor of 224 and z?
28
Let u = -2264 - -2349. Calculate the highest common factor of 1343 and u.
17
Suppose -1216 = -124*a + 48*a. Let j(l) = l**3 - 6*l**2 + l - 2. Let g be j(6). What is the highest common divisor of a and g?
4
Let n = 2356 - 2192. What is the greatest common factor of n and 1025?
41
Let q be (28570 - 1)*-9*5/(-135). Calculate the highest common divisor of q and 214.
107
Suppose 11219*z + 1131 = 11248*z. What is the highest common factor of 2379 and z?
39
Let t(s) = 25*s**2 + 0*s + 17 + 12*s**3 - 21 - 2*s - 11*s**3. Let q be t(-25). What is the highest common divisor of 552 and q?
46
Let t(m) = 21*m**3 - m**2 + 14*m - 13. Let g be t(1). Calculate the greatest common divisor of g and 980.
7
Suppose -7*z + 9*z - 826 = 0. Let h = z + -227. Suppose 2*i - h = 66. Calculate the highest common divisor of i and 18.
18
Suppose 17 = 12*a - 91. Suppose a*r = 6*r + 24. What is the greatest common factor of r and 256?
8
Suppose 3*s - 9*s - 90 = 0. Let k be (-111)/(2*s/50). Calculate the highest common divisor of k and 5.
5
Suppose 3*g - g = -4*h + 5900, 8852 = 3*g + 4*h. Calculate the greatest common factor of 216 and g.
72
Suppose 8*n - 455 = 273. Suppose -17*g + 3*g + 910 = 0. Calculate the highest common factor of g and n.
13
Let r(b) = b**3 - 80*b**2 + 376*b + 7. Let o be r(75). What is the greatest common factor of o and 8528?
82
Let j(r) = 2*r**2 + 4*r - 15. Let v be j(-6). Let s(d) = 9*d + 1. Let b be s(-1). Let y be (0 + 1)/(b/(-88)). What is the greatest common divisor of v and y?
11
Let h = 708 + -359. Suppose -y + 179 = 4*c, 0*y + 2*y - h = c. Let b be (40/24)/((-1)/(-15)). Calculate the greatest common divisor of b and y.
25
Let g = 3197 - 2557. What is the greatest common factor of g and 20?
20
Suppose -6*o = 4*w - 8410, -4*o + 5574 = -6*w + 4*w. What is the highest common divisor of o and 77?
11
Suppose 3*n + 0 = -f + 8, -5*f = -n + 8. Let z be 1*n - (5 + 1080/(-6)). Let t = 412 - z. Calculate the highest common divisor of t and 26.
26
Let k(o) = 17*o - 70. Let z be k(8). Let x be (-35)/(-3) + 22/z. Calculate the greatest common factor of x and 336.
12
Suppose -324*p = -319*p + 2*r - 189, -2*r = 4*p - 150. What is the greatest common divisor of 975 and p?
39
Suppose 4*o - 80 = -2*u + 6*u, 3*o - 56 = 2*u. Let j = o + -16. Let q be 3/((-6)/(-32) - j). What is the highest common divisor of q and 24?
8
Let c = 370 + -160. Let r be ((-12)/8)/((-6)/248*1). Let h = -41 + r. Calculate the greatest common factor of h and c.
21
Suppose -4*n + 6 = -4*i - 50, 5*n - 68 = 3*i. Suppose -4*l - l + 20 = 0. What is the greatest common divisor of l and n?
1
Suppose 3 + 133 = 4*c. Suppose 0 = -3*q + 2*i + c, 0 + 4 = 4*i. Let a = 14 - q. Calculate the highest common factor of a and 6.
2
Let i(c) = c**2 - 32*c + 61. Let j be i(32). Suppose -j = -16*d + 323. Suppose 5*b - 481 = -1. Calculate the highest common divisor of d and b.
24
Let g be 0 + (0 - (0 - 2)). Suppose -g = w - 5. Let o be (12/(-90)*-5)/(3/9). What is the greatest common divisor of o and w?
1
Let l(f) = f**2 - 9*f + 17. Let p be l(7). Suppose -p*w = w + 448. Let x be ((-60)/14)/(24/w). Calculate the highest common factor of 100 and x.
20
Let p = 172 - 100. Let q = p - 74. Let h be (48/15 + q)/(3/20). Calculate the highest common divisor of 2 and h.
2
Suppose 224 = 2*y - y. Let g be (-7)/((6/42)/((-12)/42)). What is the greatest common divisor of y and g?
14
Let k be 2/(-5) - 7/((-210)/3012). Let q = 48 + -23. Suppose 0 = -0*x + x - q. What is the greatest common factor of k and x?
25
Let q be (4/12)/(-1) + 13/3. Suppose -1 = -4*h + 4*u + 163, -q*h - u = -139. Let a be -1*(0 + (4 + -17 - -1)). What is the highest common divisor of a and h?
12
Let c(m) = 43*m**2 - 81*m + 125. Let r(x) = -8*x**2 + 16*x - 25. Let i(s) = -4*c(s) - 22*r(s). Let k be i(17). Calculate the highest common divisor of k and 10.
10
Let c be -5 - 1 - (-29 - 4). Let z(w) = 33*w - 187. Let x be z(c). What is the greatest common divisor of x and 16?
16
Let q(g) = -g**2 + 15*g - 8. Let f be q(14). Let a be f/(-4)*(-59 + 9). Suppose 4*i + a - 147 = 0. Calculate the greatest common divisor of 9 and i.
9
Let n = 9920 - 9021. What is the highest common factor of 87 and n?
29
Let s = -8249 + 8330. What is the greatest common divisor of s and 504?
9
Let z = -2336 - -3641. Suppose -2*j = z - 1307. What is the highest common factor of j and 74?
1
Suppose -16*q - 13*q = -9*q - 3840. Calculate the greatest common factor of 12 and q.
12
Let y(l) = 14*l + 28. Let s be y(-2). Suppose 50*u - 53*u + 27 = s. What is the highest common factor of 9 and u?
9
Suppose -5*x + 25 = 0, 2*x + x + 9 = 4*b. Suppose 0 = 4*h - 2*i - 1118, -2*h - 143*i + 584 = -139*i. Calculate the highest common factor of h and b.
6
Suppose 13 = 13*u + 78. Let q(o) = -7*o + 7. Let v be q(u). What is the greatest common factor of 147 and v?
21
Let o = 157 - 145. Let c(v) = -v**2 + 8*v - 7. Let l be c(7). Suppose -4*b + 9*b - 180 = l. What is the highest common divisor of b and o?
12
Suppose 3*c - 11*g = -15*g + 671, -895 = -4*c - 5*g. Calculate the greatest common factor of 200 and c.
25
Let k(u) = -16*u - 97. Let i be k(-9). What is the highest common factor of 5264 and i?
47
Suppose -q - 287 = -5*b, -5*b + 249 + 45 = -2*q. Calculate the highest common divisor of 17528 and b.
56
Suppose 0 = -5*q - 0*q + 360. Suppose 2*m - q = -m. Let y be (-192)/36*(-41 + (5 - 8 - -8)). What is the highest common factor of y and m?
24
Let d be (-8)/36 + 128/9. Suppose 4*k = -g - d, -5*k = -g - 52 + 2. Let o be (-1)/(0 - (-1)/g). Calculate the greatest common divisor of 12 and o.
6
Let v be (-2)/(-8) - (-2868)/(-96)*-2. What is the highest common factor of 5790 and v?
30
Let x = -8141 - -8145. Calculate the highest common divisor of 446 and x.
2
Suppose 2*j = -3*w + 11562 + 19304, -10297 = 